3?
0
Calculate the remainder when 34613 is divided by 607.
14
Calculate the remainder when 13235 is divided by 7.
5
Calculate the remainder when 24978 is divided by 1038.
66
Calculate the remainder when 1388 is divided by 125.
13
Calculate the remainder when 532604 is divided by 266284.
36
What is the remainder when 69307 is divided by 27?
25
Calculate the remainder when 146300 is divided by 8127.
14
What is the remainder when 1239 is divided by 54?
51
What is the remainder when 1579 is divided by 788?
3
What is the remainder when 43579 is divided by 45?
19
What is the remainder when 6709 is divided by 670?
9
Calculate the remainder when 4355 is divided by 18.
17
Calculate the remainder when 10397 is divided by 5185.
27
What is the remainder when 9482 is divided by 113?
103
What is the remainder when 240845 is divided by 12675?
20
What is the remainder when 261 is divided by 168?
93
What is the remainder when 9419 is divided by 94?
19
Calculate the remainder when 2104 is divided by 163.
148
Calculate the remainder when 19078 is divided by 3179.
4
Calculate the remainder when 2609 is divided by 106.
65
Calculate the remainder when 50792 is divided by 397.
373
Calculate the remainder when 1194 is divided by 661.
533
What is the remainder when 309 is divided by 62?
61
What is the remainder when 1267 is divided by 12?
7
What is the remainder when 11767 is divided by 2887?
219
Calculate the remainder when 19138 is divided by 6335.
133
What is the remainder when 82526 is divided by 17?
8
Calculate the remainder when 54627 is divided by 64.
35
Calculate the remainder when 487 is divided by 420.
67
What is the remainder when 370356 is divided by 473?
470
What is the remainder when 15244 is divided by 231?
229
Calculate the remainder when 273612 is divided by 85.
82
What is the remainder when 108282 is divided by 384?
378
What is the remainder when 4237 is divided by 533?
506
Calculate the remainder when 1621 is divided by 459.
244
What is the remainder when 40015 is divided by 315?
10
What is the remainder when 419439 is divided by 1933?
1911
Calculate the remainder when 20613 is divided by 25.
13
What is the remainder when 21894 is divided by 2423?
87
Calculate the remainder when 2692 is divided by 68.
40
What is the remainder when 11861 is divided by 53?
42
What is the remainder when 16752 is divided by 36?
12
What is the remainder when 2744 is divided by 960?
824
What is the remainder when 155071 is divided by 6?
1
Calculate the remainder when 2881 is divided by 242.
219
What is the remainder when 105196 is divided by 19?
12
What is the remainder when 6542 is divided by 159?
23
What is the remainder when 15950 is divided by 3064?
630
What is the remainder when 86025 is divided by 384?
9
Calculate the remainder when 830 is divided by 107.
81
Calculate the remainder when 537119 is divided by 44.
11
What is the remainder when 12142 is divided by 7?
4
What is the remainder when 10171 is divided by 925?
921
Calculate the remainder when 12007 is divided by 5930.
147
Calculate the remainder when 3407 is divided by 9.
5
What is the remainder when 8362 is divided by 41?
39
Calculate the remainder when 110735 is divided by 25.
10
What is the remainder when 3727 is divided by 186?
7
What is the remainder when 14270 is divided by 297?
14
What is the remainder when 6695 is divided by 3314?
67
What is the remainder when 28738 is divided by 143?
138
Calculate the remainder when 4609 is divided by 465.
424
Calculate the remainder when 752793 is divided by 33.
30
What is the remainder when 4989 is divided by 83?
9
What is the remainder when 17422 is divided by 668?
54
Calculate the remainder when 241081 is divided by 11480.
1
What is the remainder when 10420 is divided by 12?
4
Calculate the remainder when 38276 is divided by 12738.
62
Calculate the remainder when 2708 is divided by 451.
2
Calculate the remainder when 349160 is divided by 14548.
8
What is the remainder when 36848 is divided by 1081?
94
Calculate the remainder when 35533 is divided by 2960.
13
Calculate the remainder when 11491 is divided by 5680.
131
What is the remainder when 198889 is divided by 66285?
34
What is the remainder when 5323 is divided by 211?
48
Calculate the remainder when 16577 is divided by 691.
684
What is the remainder when 6856 is divided by 816?
328
What is the remainder when 358157 is divided by 241?
31
Calculate the remainder when 443 is divided by 29.
8
Calculate the remainder when 321561 is divided by 762.
759
What is the remainder when 77605 is divided by 53?
13
Calculate the remainder when 4886 is divided by 868.
546
Calculate the remainder when 58461 is divided by 203.
200
Calculate the remainder when 127273 is divided by 18.
13
Calculate the remainder when 9607 is divided by 480.
7
Calculate the remainder when 423119 is divided by 6.
5
What is the remainder when 5484 is divided by 1272?
396
Calculate the remainder when 62168 is divided by 378.
176
Calculate the remainder when 2893 is divided by 1032.
829
Calculate the remainder when 1157 is divided by 839.
318
Calculate the remainder when 2774 is divided by 396.
2
Calculate the remainder when 54755 is divided by 73.
5
Calculate the remainder when 1959 is divided by 7.
6
Calculate the remainder when 8269 is divided by 80.
29
What is the remainder when 78357 is divided by 617?
615
What is the remainder when 123815 is divided by 168?
167
What is the remainder when 320288 is divided by 194?
188
What is the remainder when 4472 is divided by 712?
200
What is the remainder when 5020 is divided by 41?
18
Calculate the remainder when 793 is divided by 767.
26
Calculate the remainder when 15884 is divided by 45.
44
Calculate the remainder when 683901 is divided by 136780.
1
Calculate the remainder when 2496 is divided by 151.
80
Calculate the remainder when 379581 is divided by 63258.
33
Calculate the remainder when 300581 is divided by 6534.
17
Calculate the remainder when 57523 is divided by 176.
147
What is the remainder when 433871 is divided by 552?
551
What is the remainder when 1123 is divided by 297?
232
Calculate the remainder when 34954 is divided by 9.
7
What is the remainder when 4201 is divided by 200?
1
What is the remainder when 1246 is divided by 330?
256
What is the remainder when 506413 is divided by 265?
263
What is the remainder when 5079 is divided by 493?
149
What is the remainder when 44225 is divided by 4912?
17
Calculate the remainder when 2810520 is divided by 11.
9
What is the remainder when 49022 is divided by 4454?
28
Calculate the remainder when 36828 is divided by 105.
78
What is the remainder when 2797 is divided by 201?
184
Calculate the remainder when 3256 is divided by 405.
16
Calculate the remainder when 22586 is divided by 7517.
35
Calculate the remainder when 92938 is divided by 5807.
26
What is the remainder when 534057 is divided by 236?
225
Calculate the remainder when 68626 is divided by 399.
397
Calculate the remainder when 76295 is divided by 204.
203
What is the remainder when 47427 is divided by 98?
93
What is the remainder when 5550 is divided by 371?
356
What is the remainder when 100622 is divided by 44?
38
What is the remainder when 70437 is divided by 41?
40
Calculate the remainder when 28484 is divided by 800.
484
Calculate the remainder when 11961 is divided by 57.
48
What is the remainder when 2972183 is divided by 47?
44
What is the remainder when 2510 is divided by 2486?
24
What is the remainder when 993 is divided by 545?
448
Calculate the remainder when 449767 is divided by 44.
43
What is the remainder when 1864351 is divided by 58?
57
Calculate the remainder when 3185 is divided by 283.
72
Calculate the remainder when 4006 is divided by 1240.
286
Calculate the remainder when 3080 is divided by 643.
508
Calculate the remainder when 2593216 is divided by 6.
4
What is the remainder when 2364303 is divided by 21?
18
Calculate the remainder when 326678 is divided by 32667.
8
Calculate the remainder when 1562 is divided by 73.
29
What is the remainder when 1572226 is divided by 393055?
6
What is the remainder when 29441 is divided by 21?
20
Calculate the remainder when 6327 is divided by 71.
8
Calculate the remainder when 38850 is divided by 67.
57
Calculate the remainder